he highest common divisor of 136 and 8704.
136
Calculate the greatest common divisor of 88 and 616.
88
Calculate the highest common factor of 228 and 874.
38
Calculate the greatest common factor of 48 and 16.
16
Calculate the greatest common divisor of 88 and 38.
2
Calculate the highest common factor of 2544 and 12.
12
What is the greatest common divisor of 1264 and 2370?
158
What is the highest common factor of 464 and 87?
29
Calculate the highest common divisor of 166 and 913.
83
What is the greatest common factor of 14 and 12621?
7
Calculate the highest common factor of 15 and 69.
3
Calculate the highest common divisor of 72 and 4872.
24
What is the greatest common factor of 418 and 242?
22
What is the highest common divisor of 14 and 217?
7
Calculate the greatest common divisor of 1577 and 57.
19
Calculate the greatest common divisor of 93 and 899.
31
Calculate the highest common divisor of 60 and 36.
12
Calculate the greatest common factor of 2403 and 27.
27
What is the greatest common factor of 41019 and 363?
363
Calculate the greatest common factor of 3800 and 19.
19
Calculate the highest common divisor of 1624 and 56.
56
Calculate the greatest common divisor of 9966 and 66.
66
Calculate the greatest common factor of 1391 and 428.
107
What is the greatest common factor of 14237 and 23?
23
Calculate the greatest common factor of 41888 and 56.
56
What is the highest common divisor of 3447 and 9?
9
Calculate the greatest common divisor of 5957 and 161.
161
Calculate the greatest common factor of 25 and 3.
1
Calculate the greatest common divisor of 214 and 12947.
107
Calculate the highest common divisor of 61 and 1769.
61
Calculate the greatest common factor of 4116 and 6.
6
Calculate the greatest common divisor of 336 and 322.
14
What is the greatest common divisor of 877 and 1?
1
Calculate the greatest common factor of 623 and 28.
7
What is the highest common divisor of 2752 and 192?
64
Calculate the highest common divisor of 1267 and 7.
7
What is the greatest common factor of 65 and 65?
65
What is the highest common factor of 10 and 230?
10
Calculate the highest common factor of 308 and 126.
14
Calculate the greatest common divisor of 578 and 663.
17
What is the greatest common factor of 75 and 200?
25
Calculate the greatest common divisor of 279 and 45.
9
What is the highest common divisor of 459 and 20961?
153
Calculate the highest common factor of 416 and 312.
104
Calculate the greatest common factor of 42 and 399.
21
What is the greatest common divisor of 187 and 17?
17
Calculate the greatest common divisor of 323 and 119.
17
Calculate the greatest common divisor of 484 and 3509.
121
Calculate the highest common factor of 192 and 21.
3
Calculate the highest common factor of 1600 and 64.
64
Calculate the highest common divisor of 34 and 935.
17
What is the greatest common divisor of 162 and 1998?
54
What is the highest common factor of 100 and 7300?
100
Calculate the greatest common factor of 105 and 60.
15
Calculate the greatest common factor of 4623 and 1311.
69
Calculate the greatest common factor of 8 and 7.
1
Calculate the highest common factor of 46 and 8556.
46
Calculate the greatest common factor of 139286 and 14.
14
What is the greatest common divisor of 80 and 300?
20
What is the highest common factor of 760 and 200?
40
What is the greatest common factor of 135 and 513?
27
Calculate the highest common divisor of 710 and 213.
71
What is the greatest common factor of 380 and 27?
1
What is the highest common factor of 486 and 6?
6
What is the greatest common factor of 228 and 6099?
57
Calculate the greatest common factor of 75 and 2775.
75
What is the highest common divisor of 72 and 162?
18
Calculate the greatest common divisor of 64 and 48.
16
What is the highest common factor of 409 and 66667?
409
What is the highest common divisor of 10 and 720?
10
Calculate the highest common factor of 64 and 88.
8
Calculate the greatest common factor of 47 and 106.
1
Calculate the highest common divisor of 27 and 108.
27
Calculate the highest common divisor of 54 and 2511.
27
Calculate the greatest common factor of 560 and 384.
16
What is the greatest common factor of 1590 and 60?
30
What is the greatest common factor of 26143 and 13?
13
Calculate the highest common factor of 1 and 229.
1
What is the greatest common divisor of 30 and 135?
15
Calculate the greatest common divisor of 108 and 36.
36
What is the highest common factor of 28 and 231?
7
What is the greatest common divisor of 594 and 66?
66
What is the highest common divisor of 8 and 264?
8
Calculate the highest common factor of 21 and 77.
7
What is the highest common divisor of 5574 and 6?
6
Calculate the highest common factor of 2366 and 78.
26
What is the highest common factor of 30 and 60?
30
Calculate the greatest common divisor of 2360 and 100.
20
Calculate the greatest common factor of 18 and 63.
9
Calculate the greatest common factor of 81 and 1809.
27
What is the highest common factor of 315 and 1035?
45
Calculate the highest common divisor of 7 and 560.
7
What is the highest common factor of 165 and 1353?
33
What is the greatest common divisor of 187 and 51?
17
Calculate the highest common factor of 82 and 123.
41
Calculate the highest common divisor of 736 and 80.
16
What is the greatest common divisor of 16 and 688?
16
What is the greatest common divisor of 80 and 970?
10
Calculate the highest common divisor of 12005 and 98.
49
What is the greatest common divisor of 16 and 3856?
16
Calculate the greatest common factor of 1106 and 14.
14
Calculate the greatest common divisor of 24 and 80.
8
Calculate the greatest common factor of 11 and 11957.
11
Calculate the highest common factor of 38 and 266.
38
Calculate the highest common factor of 358 and 4.
2
Calculate the greatest common divisor of 117 and 1521.
117
Calculate the highest common factor of 480 and 60.
60
What is the greatest common divisor of 4 and 5?
1
Calculate the highest common factor of 252 and 224.
28
Calculate the highest common divisor of 2119 and 39.
13
Calculate the greatest common divisor of 110 and 40.
10
Calculate the highest common divisor of 50 and 630.
10
What is the greatest common divisor of 91 and 2366?
91
Calculate the highest common factor of 88 and 136.
8
Calculate the highest common divisor of 2051 and 12599.
293
Calculate the greatest common factor of 2618 and 68.
34
What is the greatest common divisor of 366 and 6?
6
What is the highest common factor of 445 and 5?
5
What is the greatest common factor of 605 and 1375?
55
Calculate the highest common divisor of 788 and 28.
4
What is the greatest common divisor of 20 and 9290?
10
Calculate the highest common divisor of 2096 and 1834.
262
What is the greatest common factor of 86 and 344?
86
Calculate the greatest common factor of 14 and 514.
2
Calculate the highest common factor of 120 and 45.
15
Calculate the greatest common factor of 64 and 3464.
8
Calculate the highest common divisor of 46 and 1242.
46
Calculate the greatest common factor of 78 and 18.
6
Calculate the highest common factor of 390 and 546.
78
What is the highest common factor of 138 and 27?
3
Calculate the highest common divisor of 10 and 2320.
10
Calculate the highest common factor of 80 and 75.
5
Calculate the greatest common divisor of 110 and 253.
11
Calculate the highest common factor of 450 and 630.
90
Calculate the greatest common divisor of 105 and 490.
35
What is the greatest common divisor of 96 and 928?
32
Calculate the highest common divisor of 2108 and 217.
31
What is the greatest common factor of 77 and 891?
11
What is the highest common divisor of 169 and 5408?
169
What is the highest common divisor of 55 and 140?
5
Calculate the greatest common divisor of 338 and 78.
26
What is the greatest common divisor of 33722 and 26?
26
What is the greatest common factor of 496 and 32?
16
Calculate the highest common divisor of 132 and 363.
33
What is the greatest common factor of 70 and 30?
10
What is the highest common divisor of 2794 and 381?
127
Calculate the highest common divisor of 801 and 356.
89
Calculate the highest common divisor of 33 and 17457.
33
Calculate the highest common factor of 13 and 15613.
13
What is the greatest common divisor of 248 and 34